[INFO] cloning repository https://github.com/zsiciarz/skyrim-alchemy-toolbox
[INFO] running `Command { std: "git" "-c" "credential.helper=" "-c" "credential.helper=/workspace/cargo-home/bin/git-credential-null" "clone" "--bare" "https://github.com/zsiciarz/skyrim-alchemy-toolbox" "/workspace/cache/git-repos/https%3A%2F%2Fgithub.com%2Fzsiciarz%2Fskyrim-alchemy-toolbox", kill_on_drop: false }`
[INFO] [stderr] Cloning into bare repository '/workspace/cache/git-repos/https%3A%2F%2Fgithub.com%2Fzsiciarz%2Fskyrim-alchemy-toolbox'...
[INFO] running `Command { std: "git" "rev-parse" "HEAD", kill_on_drop: false }`
[INFO] [stdout] 055a24d78ca86668d638aabe29d75922c56fc459
[INFO] checking zsiciarz/skyrim-alchemy-toolbox against try#72f88fc4e9458f89516a0b8b0868f3718aec5b47 for pr-74989
[INFO] running `Command { std: "git" "clone" "/workspace/cache/git-repos/https%3A%2F%2Fgithub.com%2Fzsiciarz%2Fskyrim-alchemy-toolbox" "/workspace/builds/worker-11/source", kill_on_drop: false }`
[INFO] [stderr] Cloning into '/workspace/builds/worker-11/source'...
[INFO] [stderr] done.
[INFO] validating manifest of git repo https://github.com/zsiciarz/skyrim-alchemy-toolbox on toolchain 72f88fc4e9458f89516a0b8b0868f3718aec5b47
[INFO] running `Command { std: "/workspace/cargo-home/bin/cargo" "+72f88fc4e9458f89516a0b8b0868f3718aec5b47" "read-manifest" "--manifest-path" "Cargo.toml", kill_on_drop: false }`
[INFO] started tweaking git repo https://github.com/zsiciarz/skyrim-alchemy-toolbox
[INFO] finished tweaking git repo https://github.com/zsiciarz/skyrim-alchemy-toolbox
[INFO] tweaked toml for git repo https://github.com/zsiciarz/skyrim-alchemy-toolbox written to /workspace/builds/worker-11/source/Cargo.toml
[INFO] crate git repo https://github.com/zsiciarz/skyrim-alchemy-toolbox already has a lockfile, it will not be regenerated
[INFO] running `Command { std: "/workspace/cargo-home/bin/cargo" "+72f88fc4e9458f89516a0b8b0868f3718aec5b47" "fetch" "--locked" "--manifest-path" "Cargo.toml", kill_on_drop: false }`
[INFO] [stderr] error: the lock file /workspace/builds/worker-11/source/Cargo.lock needs to be updated but --locked was passed to prevent this
[INFO] [stderr] If you want to try to generate the lock file without accessing the network, use the --offline flag.
[INFO] the lockfile is outdated, regenerating it
[INFO] running `Command { std: "/workspace/cargo-home/bin/cargo" "+72f88fc4e9458f89516a0b8b0868f3718aec5b47" "generate-lockfile" "--manifest-path" "Cargo.toml" "-Zno-index-update", kill_on_drop: false }`
[INFO] running `Command { std: "/workspace/cargo-home/bin/cargo" "+72f88fc4e9458f89516a0b8b0868f3718aec5b47" "fetch" "--locked" "--manifest-path" "Cargo.toml", kill_on_drop: false }`
[INFO] [stderr]  Downloading crates ...
[INFO] [stderr]   Downloaded mount v0.1.0
[INFO] [stderr]   Downloaded logger v0.0.3
[INFO] [stderr]   Downloaded const_fn v0.4.2
[INFO] [stderr]   Downloaded iron v0.6.1
[INFO] [stderr]   Downloaded uuid v0.2.3
[INFO] [stderr]   Downloaded redox_users v0.3.5
[INFO] [stderr]   Downloaded rust-argon2 v0.8.2
[INFO] [stderr]   Downloaded wasm-bindgen v0.2.68
[INFO] [stderr]   Downloaded hyper v0.8.1
[INFO] [stderr]   Downloaded wasm-bindgen-shared v0.2.68
[INFO] [stderr]   Downloaded wasm-bindgen-macro v0.2.68
[INFO] [stderr]   Downloaded time v0.2.19
[INFO] [stderr]   Downloaded iron v0.3.1
[INFO] [stderr]   Downloaded staticfile v0.2.0
[INFO] [stderr]   Downloaded url v0.5.10
[INFO] [stderr]   Downloaded wasm-bindgen-backend v0.2.68
[INFO] [stderr]   Downloaded wasm-bindgen-macro-support v0.2.68
[INFO] [stderr]   Downloaded standback v0.2.10
[INFO] [stderr]   Downloaded unicode-bidi v0.2.6
[INFO] running `Command { std: "docker" "create" "-v" "/var/lib/crater-agent-workspace/builds/worker-11/target:/opt/rustwide/target:rw,Z" "-v" "/var/lib/crater-agent-workspace/builds/worker-11/source:/opt/rustwide/workdir:ro,Z" "-v" "/var/lib/crater-agent-workspace/cargo-home:/opt/rustwide/cargo-home:ro,Z" "-v" "/var/lib/crater-agent-workspace/rustup-home:/opt/rustwide/rustup-home:ro,Z" "-e" "SOURCE_DIR=/opt/rustwide/workdir" "-e" "CARGO_TARGET_DIR=/opt/rustwide/target" "-e" "CARGO_HOME=/opt/rustwide/cargo-home" "-e" "RUSTUP_HOME=/opt/rustwide/rustup-home" "-w" "/opt/rustwide/workdir" "-m" "1610612736" "--user" "0:0" "--network" "none" "rustops/crates-build-env@sha256:d92eaeed33fa75130ca1ee6c8a01d1ffb62bac859dfdfb3450e3e5d1c0146529" "/opt/rustwide/cargo-home/bin/cargo" "+72f88fc4e9458f89516a0b8b0868f3718aec5b47" "metadata" "--no-deps" "--format-version=1", kill_on_drop: false }`
[INFO] [stdout] be97661fa3d80071e8e58fa4246cccf259e171f7f5c0da70fdb03438a26f95a3
[INFO] [stderr] WARNING: Your kernel does not support swap limit capabilities or the cgroup is not mounted. Memory limited without swap.
[INFO] running `Command { std: "docker" "start" "-a" "be97661fa3d80071e8e58fa4246cccf259e171f7f5c0da70fdb03438a26f95a3", kill_on_drop: false }`
[INFO] running `Command { std: "docker" "inspect" "be97661fa3d80071e8e58fa4246cccf259e171f7f5c0da70fdb03438a26f95a3", kill_on_drop: false }`
[INFO] running `Command { std: "docker" "rm" "-f" "be97661fa3d80071e8e58fa4246cccf259e171f7f5c0da70fdb03438a26f95a3", kill_on_drop: false }`
[INFO] [stdout] be97661fa3d80071e8e58fa4246cccf259e171f7f5c0da70fdb03438a26f95a3
[INFO] running `Command { std: "docker" "create" "-v" "/var/lib/crater-agent-workspace/builds/worker-11/target:/opt/rustwide/target:rw,Z" "-v" "/var/lib/crater-agent-workspace/builds/worker-11/source:/opt/rustwide/workdir:ro,Z" "-v" "/var/lib/crater-agent-workspace/cargo-home:/opt/rustwide/cargo-home:ro,Z" "-v" "/var/lib/crater-agent-workspace/rustup-home:/opt/rustwide/rustup-home:ro,Z" "-e" "SOURCE_DIR=/opt/rustwide/workdir" "-e" "CARGO_TARGET_DIR=/opt/rustwide/target" "-e" "CARGO_INCREMENTAL=0" "-e" "RUST_BACKTRACE=full" "-e" "RUSTFLAGS=--cap-lints=forbid" "-e" "CARGO_HOME=/opt/rustwide/cargo-home" "-e" "RUSTUP_HOME=/opt/rustwide/rustup-home" "-w" "/opt/rustwide/workdir" "-m" "1610612736" "--user" "0:0" "--network" "none" "rustops/crates-build-env@sha256:d92eaeed33fa75130ca1ee6c8a01d1ffb62bac859dfdfb3450e3e5d1c0146529" "/opt/rustwide/cargo-home/bin/cargo" "+72f88fc4e9458f89516a0b8b0868f3718aec5b47" "check" "--frozen" "--all" "--all-targets" "--message-format=json", kill_on_drop: false }`
[INFO] [stdout] 6d5098cea3b22dafe43d327562e2cf38fafb4c745de212e7a7e7bcf017b7be9a
[INFO] [stderr] WARNING: Your kernel does not support swap limit capabilities or the cgroup is not mounted. Memory limited without swap.
[INFO] running `Command { std: "docker" "start" "-a" "6d5098cea3b22dafe43d327562e2cf38fafb4c745de212e7a7e7bcf017b7be9a", kill_on_drop: false }`
[INFO] [stderr]    Compiling version_check v0.1.5
[INFO] [stderr]     Checking matches v0.1.8
[INFO] [stderr]     Checking tinyvec v0.3.4
[INFO] [stderr]    Compiling siphasher v0.2.3
[INFO] [stderr]     Checking percent-encoding v1.0.1
[INFO] [stderr]     Checking language-tags v0.2.2
[INFO] [stderr]    Compiling proc-macro-hack v0.5.18
[INFO] [stderr]     Checking unsafe-any v0.4.2
[INFO] [stderr]    Compiling standback v0.2.10
[INFO] [stderr]     Checking conduit-mime-types v0.7.3
[INFO] [stderr]     Checking error v0.1.9
[INFO] [stderr]    Compiling time v0.2.19
[INFO] [stderr]     Checking log v0.4.11
[INFO] [stderr]    Compiling proc-macro2 v1.0.21
[INFO] [stderr]     Checking time v0.1.44
[INFO] [stderr]     Checking rand v0.4.6
[INFO] [stderr]     Checking num_cpus v0.2.13
[INFO] [stderr]     Checking num_cpus v1.13.0
[INFO] [stderr]     Checking dirs-sys v0.3.5
[INFO] [stderr]    Compiling rand_os v0.1.3
[INFO] [stderr]     Checking base64 v0.9.3
[INFO] [stderr]     Checking unicode-bidi v0.3.4
[INFO] [stderr]     Checking unicode-bidi v0.2.6
[INFO] [stderr]     Checking typemap v0.3.3
[INFO] [stderr]     Checking dirs v2.0.2
[INFO] [stderr]     Checking log v0.3.9
[INFO] [stderr]     Checking unicode-normalization v0.1.13
[INFO] [stderr]    Compiling quote v1.0.7
[INFO] [stderr]     Checking plugin v0.2.6
[INFO] [stderr]     Checking term v0.6.1
[INFO] [stderr]    Compiling rand v0.6.5
[INFO] [stderr]    Compiling unicase v1.4.2
[INFO] [stderr]     Checking mime v0.2.6
[INFO] [stderr]     Checking hpack v0.2.0
[INFO] [stderr]    Compiling syn v1.0.41
[INFO] [stderr]     Checking rand v0.3.23
[INFO] [stderr]     Checking solicit v0.4.4
[INFO] [stderr]     Checking uuid v0.2.3
[INFO] [stderr]    Compiling phf_shared v0.7.24
[INFO] [stderr]    Compiling phf v0.7.24
[INFO] [stderr]     Checking idna v0.1.5
[INFO] [stderr]     Checking url v0.5.10
[INFO] [stderr]    Compiling phf_generator v0.7.24
[INFO] [stderr]    Compiling phf_codegen v0.7.24
[INFO] [stderr]     Checking url v1.7.2
[INFO] [stderr]    Compiling mime_guess v1.8.8
[INFO] [stderr]     Checking cookie v0.2.5
[INFO] [stderr]     Checking hyper v0.10.16
[INFO] [stderr]     Checking hyper v0.8.1
[INFO] [stderr]     Checking iron v0.6.1
[INFO] [stderr]     Checking iron v0.3.1
[INFO] [stderr]     Checking mount v0.1.0
[INFO] [stderr]     Checking staticfile v0.2.0
[INFO] [stderr]    Compiling time-macros-impl v0.1.1
[INFO] [stderr]     Checking time-macros v0.1.0
[INFO] [stderr]     Checking logger v0.0.3
[INFO] [stderr]     Checking skyrim-alchemy-toolbox v0.1.0 (/opt/rustwide/workdir)
[INFO] [stdout] error[E0277]: expected a `Fn<(&mut iron::Request<'_, '_>, iron::Response)>` closure, found `Logger`
[INFO] [stdout]   --> src/main.rs:28:16
[INFO] [stdout]    |
[INFO] [stdout] 28 |     chain.link(Logger::new(None));
[INFO] [stdout]    |                ^^^^^^^^^^^^^^^^^ expected an `Fn<(&mut iron::Request<'_, '_>, iron::Response)>` closure, found `Logger`
[INFO] [stdout]    |
[INFO] [stdout]    = help: the trait `for<'r, 's, 't0> Fn<(&'r mut iron::Request<'s, 't0>, iron::Response)>` is not implemented for `Logger`
[INFO] [stdout]    = note: required because of the requirements on the impl of `AfterMiddleware` for `Logger`
[INFO] [stdout] 
[INFO] [stdout] 
[INFO] [stdout] error[E0277]: expected a `Fn<(&mut iron::Request<'_, '_>,)>` closure, found `Logger`
[INFO] [stdout]   --> src/main.rs:28:16
[INFO] [stdout]    |
[INFO] [stdout] 28 |     chain.link(Logger::new(None));
[INFO] [stdout]    |                ^^^^^^^^^^^^^^^^^ expected an `Fn<(&mut iron::Request<'_, '_>,)>` closure, found `Logger`
[INFO] [stdout]    |
[INFO] [stdout]    = help: the trait `for<'r, 's, 't0> Fn<(&'r mut iron::Request<'s, 't0>,)>` is not implemented for `Logger`
[INFO] [stdout]    = note: required because of the requirements on the impl of `BeforeMiddleware` for `Logger`
[INFO] [stdout] 
[INFO] [stdout] 
[INFO] [stdout] error: aborting due to 2 previous errors
[INFO] [stdout] 
[INFO] [stdout] 
[INFO] [stdout] For more information about this error, try `rustc --explain E0277`.
[INFO] [stdout] 
[INFO] [stdout] error[E0277]: expected a `Fn<(&mut iron::Request<'_, '_>, iron::Response)>` closure, found `Logger`
[INFO] [stdout]   --> src/main.rs:28:16
[INFO] [stdout]    |
[INFO] [stdout] 28 |     chain.link(Logger::new(None));
[INFO] [stdout]    |                ^^^^^^^^^^^^^^^^^ expected an `Fn<(&mut iron::Request<'_, '_>, iron::Response)>` closure, found `Logger`
[INFO] [stdout]    |
[INFO] [stdout]    = help: the trait `for<'r, 's, 't0> Fn<(&'r mut iron::Request<'s, 't0>, iron::Response)>` is not implemented for `Logger`
[INFO] [stdout]    = note: required because of the requirements on the impl of `AfterMiddleware` for `Logger`
[INFO] [stdout] 
[INFO] [stdout] 
[INFO] [stderr] error: could not compile `skyrim-alchemy-toolbox`.
[INFO] [stderr] 
[INFO] [stderr] To learn more, run the command again with --verbose.
[INFO] [stderr] warning: build failed, waiting for other jobs to finish...
[INFO] [stdout] error[E0277]: expected a `Fn<(&mut iron::Request<'_, '_>,)>` closure, found `Logger`
[INFO] [stdout]   --> src/main.rs:28:16
[INFO] [stdout]    |
[INFO] [stdout] 28 |     chain.link(Logger::new(None));
[INFO] [stdout]    |                ^^^^^^^^^^^^^^^^^ expected an `Fn<(&mut iron::Request<'_, '_>,)>` closure, found `Logger`
[INFO] [stdout]    |
[INFO] [stdout]    = help: the trait `for<'r, 's, 't0> Fn<(&'r mut iron::Request<'s, 't0>,)>` is not implemented for `Logger`
[INFO] [stdout]    = note: required because of the requirements on the impl of `BeforeMiddleware` for `Logger`
[INFO] [stdout] 
[INFO] [stdout] 
[INFO] [stdout] error: aborting due to 2 previous errors
[INFO] [stdout] 
[INFO] [stdout] 
[INFO] [stdout] For more information about this error, try `rustc --explain E0277`.
[INFO] [stdout] 
[INFO] [stderr] error: build failed
[INFO] running `Command { std: "docker" "inspect" "6d5098cea3b22dafe43d327562e2cf38fafb4c745de212e7a7e7bcf017b7be9a", kill_on_drop: false }`
[INFO] running `Command { std: "docker" "rm" "-f" "6d5098cea3b22dafe43d327562e2cf38fafb4c745de212e7a7e7bcf017b7be9a", kill_on_drop: false }`
[INFO] [stdout] 6d5098cea3b22dafe43d327562e2cf38fafb4c745de212e7a7e7bcf017b7be9a
